e remainder when s is divided by 12.
4
Suppose -34*c + 101 = -239. What is the remainder when 845 is divided by c?
5
Suppose -16*o = -12*o - 108. Calculate the remainder when 321 is divided by o.
24
Let x(p) = 122*p + 58. What is the remainder when 284 is divided by x(0)?
52
Let p = 794 - 462. What is the remainder when p is divided by 24?
20
Suppose -81 = -a + 85. Calculate the remainder when a is divided by 24.
22
Suppose 4*c - 22 = 18. Suppose -4*u = s - c - 12, -2*s = -u + 1. Suppose 0*v - 3*v + 53 = 4*l, s*l = -3*v + 49. Calculate the remainder when 27 is divided by v.
12
Let t(z) = -z**3 + 6*z**2 + 8*z - 7. Let l = 107 + -97. What is the remainder when t(5) is divided by l?
8
Let c(f) = 244*f - 64. Calculate the remainder when c(1) is divided by 49.
33
Suppose -33 = -3*c + 3*v, 4*c + v - 7 = 52. Calculate the remainder when 193 is divided by c.
11
Suppose 2*l + 18 = -8. Let w be 197/l + 2/13. Let y(u) = u + 36. What is the remainder when 41 is divided by y(w)?
20
Let k = 3405 + -2418. What is the remainder when k is divided by 22?
19
Suppose 15*s - 16507 + 1687 = 0. What is the remainder when s is divided by 23?
22
Suppose -19*s + 2722 + 4422 = 0. Calculate the remainder when s is divided by 54.
52
Let h = 281 + -207. Calculate the remainder when 225 is divided by h.
3
Let q be (-8 + 7 - 0)/((-2)/16). Suppose -2*z = -5*m + 152, -q = 3*m - 5*z - 84. Calculate the remainder when 127 is divided by m.
31
Let k(w) be the second derivative of 97*w**4/12 + w**3/6 + w**2 + 4*w. Calculate the remainder when k(-1) is divided by 33.
32
Let t be (-5 + 3)*(-33)/(-6). Calculate the remainder when (19/3)/(t/(-33)) is divided by 7.
5
Let j(v) = 13*v**2 - 143*v + 14. What is the remainder when j(11) is divided by 6?
2
Let a(p) = -45*p - p**3 + 21 + 25*p + 17*p + p**2. Calculate the remainder when 57 is divided by a(0).
15
Suppose -12 = -4*y - 0. Let u(b) = b**2 - 4*b - 25. Suppose -6*g = -3*g + 12. Calculate the remainder when u(g) is divided by y.
1
Suppose 0 = 19*b - 330 - 734. What is the remainder when b is divided by 49?
7
Let b be (-2)/(-6) + 904/24. Let v = 148 - b. Let q = 66 - 38. What is the remainder when v is divided by q?
26
Suppose 2*s = -2*s + 120. Let h = 47 - s. Calculate the remainder when 30 is divided by h.
13
Let a = 500 + -304. Calculate the remainder when a is divided by 28.
0
Let b(t) = 2*t**3 - 62*t**2 + 2*t + 70. What is the remainder when b(31) is divided by 53?
26
Suppose 2*v = -7*v + 4518. Calculate the remainder when v is divided by 36.
34
Suppose 0 = 2*b - 4 - 72. Let z(g) = 3*g - 20. Let k be z(13). What is the remainder when b is divided by -2 + k - (-2 + (-2)/2)?
18
Suppose i = -2*n + 25, -2*i + 5 = n - 30. Calculate the remainder when 433 is divided by i.
13
What is the remainder when 50 is divided by -36*(0 - 5)*3/15?
14
Let c = -85 - -149. Suppose 0 = -d + 5*d - 44. Calculate the remainder when c is divided by d.
9
Let s = -205 - -234. Calculate the remainder when 113 is divided by s.
26
Let d(p) = p**3 + 4*p**2 + 4*p + 3. Let c be d(-2). Suppose -3*i + 3 = -c. Suppose 0 = 4*v, i*h - 2*v = 4*h - 8. What is the remainder when 6 is divided by h?
2
Let k(w) be the second derivative of -w**3/3 + 7*w**2 + 31*w. What is the remainder when 119 is divided by k(-13)?
39
Suppose 4*s - 9*s + 195 = 0. Suppose 0 = -5*l - 0*l - b + s, 3*b = 5*l - 23. Suppose 3*j = 6*j - 96. Calculate the remainder when j is divided by l.
4
Suppose 4*u = -5*q + 103, 84 = 19*q - 16*q - 5*u. Calculate the remainder when 39 is divided by q.
16
Let n be 3102/9 - 4 - 6/9. Suppose 20 = 10*f - n. What is the remainder when f is divided by 10?
6
Let k be (-297)/(-12) - 1/(-4). Suppose 4*p - k = -p. What is the remainder when 32 is divided by p?
2
Let u(r) = r**2 + r + 13. Suppose 3*h = -h. What is the remainder when 23 is divided by u(h)?
10
Suppose 359 = -11*i + 12*i. What is the remainder when i is divided by 18?
17
Suppose 0 = -p - 3*r + 2*r + 21, -3*r - 37 = -p. Let k = 54 - p. What is the remainder when k is divided by 16?
13
Let r(n) = -3*n**3 - 6*n**2 + 8*n + 23. What is the remainder when r(-3) is divided by 74/8 - (-6)/(-24)?
8
Let w = -16 + 29. Let g(o) = -o**3 + 3*o**2 + 13*o - 2. Calculate the remainder when g(3) is divided by w.
11
Calculate the remainder when ((-31)/(496/8))/(2/(-72)) is divided by 4/(-6) + (-16)/(-6).
0
Let z(v) = -v + 8*v - 24 + 3*v - 5*v. What is the remainder when 101 is divided by z(10)?
23
Suppose -23*u = -320 - 232. Calculate the remainder when 68 is divided by u.
20
Let z(o) be the first derivative of o**3/3 - 2*o**2 + 17. Calculate the remainder when z(13) is divided by 40.
37
Calculate the remainder when (-1 + (-3 - -2))/(1/(-52)) is divided by 6.
2
Suppose 4*y - 1 = -5*r + 6, -4*r - 5*y = -11. Calculate the remainder when 12 is divided by ((-20)/(-12))/(r/(-3)).
2
Let u = 33 + -5. Suppose -2*x - 3*z = -207, -3*x - 2*z + 333 = -5*z. What is the remainder when x is divided by u?
24
What is the remainder when (-2735)/(-20) + 2/8 - 5 is divided by 20?
12
Suppose -k - 14*s + 9*s + 27 = 0, 4*s - 12 = 0. Suppose m + 6 = 2*m. Calculate the remainder when k is divided by m.
0
Suppose 21 = 7*q - 0*q. Suppose -3*d + 4*d - 9 = 0. What is the remainder when 4 + q/(3/38) is divided by d?
6
Suppose 7 = 3*g + 1. Let w = g + 0. Calculate the remainder when 9 is divided by w.
1
Suppose -3*x - 2*x + 30 = 0. Suppose x*p - 320 = p. Suppose 20 = -5*h, -952*h = -4*s - 948*h + 68. What is the remainder when p is divided by s?
12
Let g = 286 + -69. What is the remainder when g is divided by 77?
63
Suppose 0 = 2*c, 5*o = o - 3*c - 12. Let r = o + 15. Calculate the remainder when r is divided by (-28)/(-10)*(-10)/(-4).
5
Let d(c) = -c**3 + 7*c**2 + 28*c + 40. Calculate the remainder when 208 is divided by d(10).
8
Let n(k) = -4*k + 35. Let i be n(8). Suppose i*s - 208 = -s. What is the remainder when s is divided by 29?
23
What is the remainder when 25 is divided by 64/6*(-2 - (-56)/16)?
9
Let k(s) = -s**2 + 5*s - 7. Let d be k(3). Calculate the remainder when 5 is divided by (-4 + (-5 - -4))/d.
0
Let u = 9 - 10. Let k = 1 - u. Suppose -k*x = 3*x - 80. What is the remainder when 46 is divided by x?
14
Let t(b) = 2*b**3 - b**2 - 5*b - 1. Let l(h) = h**3 - 4*h**2 - 3*h + 3. Calculate the remainder when l(6) is divided by t(3).
28
Suppose k = 5*y + 2306, 4*k + 6*y - 9224 = 2*y. Calculate the remainder when k is divided by 33.
29
Let j = -26 + 29. What is the remainder when 40 is divided by ((-6)/12)/(j - (-201)/(-66))?
7
Let t(w) = -2*w**3 - 12*w**2 - 28*w + 8. What is the remainder when t(-6) is divided by 15?
11
Suppose -5*u + 0*u = -25. Suppose -u*y - 5*p + 35 = -0*y, 4*p - 19 = -y. Suppose y*v - v = 8. Calculate the remainder when 14 is divided by v.
2
Suppose d + 4*t - 43 = 0, 2*d + 4*t = 44 + 58. What is the remainder when d is divided by 9?
5
Suppose 4*m - 126 = -2*q + 54, -3*m = q - 88. What is the remainder when q is divided by 51?
43
Let n(l) = -l**2 - 14*l - 32. Let m be -2 + 22/(-4) + 1/(-2). What is the remainder when 29 is divided by n(m)?
13
Suppose -3*l = -9, 0 = -4*r - 5*l + 9*l + 748. Calculate the remainder when r is divided by 46.
6
Suppose 15*f = -19*f + 374. Suppose 2*t - 535 = 5*v, -3*t + 805 = -0*v - 5*v. Suppose 5*p = -0*p + t. Calculate the remainder when p is divided by f.
10
Let l = 24 + 10. Calculate the remainder when l is divided by (-6)/4 + -18 + 75/2.
16
Suppose 10 - 34 = -6*w. Suppose w*q + q - 310 = 0. What is the remainder when q is divided by 17?
11
Let q(f) = -1017*f - 3042. Suppose 0 = -4*d + 3*v + 23, 2*d - 2*v = -3 + 15. What is the remainder when q(-3) is divided by d?
4
Let w(z) = -161*z - 957. Let c(f) = 12*f**2 + 2*f - 1. What is the remainder when c(-2) is divided by w(-6)?
7
Let h(w) = w**3 - 25*w**2 - 26*w + 53. What is the remainder when 952 is divided by h(26)?
51
Let b(r) = -11*r - 3. Let a be (4/(-6))/((-8)/24). Suppose -4*f = -a*x - 9*f + 32, 2*x - 14 = 4*f. What is the remainder when b(-3) is divided by x?
8
Let c(i) = 10*i - 168. What is the remainder when 19 is divided by c(18)?
7
Suppose t + 0*t = 13. Let c be 10/(4/(20 + 0)). Suppose 3*l - c = -g + 15, 2*g = -l + 125. What is the remainder when g is divided by t?
10
Let b = -74 - -143. Suppose -88 = -4*z - 2*d, -5*z + 159 = -d + 35. 